is divided by 1144.
1138
What is the remainder when 4977 is divided by 2278?
421
What is the remainder when 2396 is divided by 109?
107
What is the remainder when 12954 is divided by 30?
24
What is the remainder when 21840 is divided by 6770?
1530
What is the remainder when 481300 is divided by 14?
8
What is the remainder when 856 is divided by 844?
12
Calculate the remainder when 273 is divided by 41.
27
Calculate the remainder when 16915 is divided by 16888.
27
What is the remainder when 1506 is divided by 74?
26
What is the remainder when 2927 is divided by 102?
71
What is the remainder when 755 is divided by 107?
6
What is the remainder when 1144 is divided by 50?
44
What is the remainder when 16003 is divided by 32?
3
Calculate the remainder when 327270 is divided by 88.
86
What is the remainder when 1501 is divided by 187?
5
What is the remainder when 1291 is divided by 428?
7
Calculate the remainder when 420440 is divided by 659.
657
What is the remainder when 54578 is divided by 1815?
128
Calculate the remainder when 19947 is divided by 285.
282
Calculate the remainder when 10371 is divided by 14.
11
Calculate the remainder when 139739 is divided by 314.
9
Calculate the remainder when 315941 is divided by 1071.
1067
What is the remainder when 2780 is divided by 60?
20
What is the remainder when 18070 is divided by 1735?
720
Calculate the remainder when 267186 is divided by 14.
10
Calculate the remainder when 43486 is divided by 72.
70
What is the remainder when 13041 is divided by 56?
49
What is the remainder when 115460 is divided by 1068?
116
Calculate the remainder when 1201 is divided by 218.
111
What is the remainder when 3888791 is divided by 19?
4
Calculate the remainder when 128142 is divided by 386.
376
Calculate the remainder when 4283 is divided by 204.
203
Calculate the remainder when 2470 is divided by 17.
5
Calculate the remainder when 65801 is divided by 21932.
5
What is the remainder when 34197 is divided by 412?
1
Calculate the remainder when 783098 is divided by 100.
98
Calculate the remainder when 20628 is divided by 3432.
36
What is the remainder when 5208 is divided by 2542?
124
Calculate the remainder when 837 is divided by 41.
17
Calculate the remainder when 4605 is divided by 2252.
101
What is the remainder when 428777 is divided by 21?
20
Calculate the remainder when 546007 is divided by 136498.
15
Calculate the remainder when 1753 is divided by 496.
265
What is the remainder when 8135 is divided by 5911?
2224
Calculate the remainder when 8304 is divided by 147.
72
What is the remainder when 599442 is divided by 231?
228
Calculate the remainder when 6457989 is divided by 24.
21
What is the remainder when 289362 is divided by 72339?
6
Calculate the remainder when 114561 is divided by 57259.
43
What is the remainder when 12176 is divided by 133?
73
What is the remainder when 621261 is divided by 258?
255
Calculate the remainder when 123105 is divided by 289.
280
What is the remainder when 32272 is divided by 12?
4
What is the remainder when 268015 is divided by 43?
39
Calculate the remainder when 45015 is divided by 56.
47
Calculate the remainder when 74161 is divided by 262.
15
Calculate the remainder when 1298 is divided by 105.
38
What is the remainder when 18525 is divided by 53?
28
What is the remainder when 814 is divided by 43?
40
What is the remainder when 2957372 is divided by 14?
12
What is the remainder when 19184 is divided by 9592?
0
What is the remainder when 17794 is divided by 207?
199
What is the remainder when 623597 is divided by 36?
5
Calculate the remainder when 2099 is divided by 80.
19
What is the remainder when 52590 is divided by 10?
0
What is the remainder when 491 is divided by 134?
89
What is the remainder when 1207 is divided by 388?
43
What is the remainder when 172654 is divided by 22?
20
Calculate the remainder when 2875 is divided by 463.
97
Calculate the remainder when 86465 is divided by 10808.
1
Calculate the remainder when 441933 is divided by 78.
63
What is the remainder when 37942 is divided by 212?
206
What is the remainder when 57133 is divided by 37?
5
Calculate the remainder when 310975 is divided by 1234.
7
Calculate the remainder when 2486913 is divided by 36.
33
Calculate the remainder when 407360 is divided by 734.
724
Calculate the remainder when 9614 is divided by 1597.
32
Calculate the remainder when 492385 is divided by 557.
554
Calculate the remainder when 12258 is divided by 2028.
90
What is the remainder when 125055 is divided by 1276?
7
Calculate the remainder when 31182 is divided by 315.
312
Calculate the remainder when 10064 is divided by 55.
54
Calculate the remainder when 2016229 is divided by 10.
9
Calculate the remainder when 41247 is divided by 41235.
12
Calculate the remainder when 1123 is divided by 506.
111
What is the remainder when 13623 is divided by 498?
177
What is the remainder when 133066 is divided by 646?
636
What is the remainder when 692 is divided by 64?
52
What is the remainder when 1740912 is divided by 33?
30
Calculate the remainder when 111617 is divided by 30.
17
Calculate the remainder when 751412 is divided by 13.
12
Calculate the remainder when 7509 is divided by 895.
349
Calculate the remainder when 2066 is divided by 381.
161
Calculate the remainder when 3180 is divided by 471.
354
What is the remainder when 83691 is divided by 151?
37
What is the remainder when 810674 is divided by 27?
26
What is the remainder when 610 is divided by 64?
34
Calculate the remainder when 38706 is divided by 70.
66
Calculate the remainder when 23455 is divided by 601.
16
Calculate the remainder when 12753 is divided by 75.
3
Calculate the remainder when 17090 is divided by 87.
38
What is the remainder when 39433 is divided by 50?
33
Calculate the remainder when 3537 is divided by 354.
351
Calculate the remainder when 68846 is divided by 1043.
8
Calculate the remainder when 2990 is divided by 413.
99
What is the remainder when 5179 is divided by 157?
155
Calculate the remainder when 6725 is divided by 365.
155
Calculate the remainder when 2409 is divided by 75.
9
What is the remainder when 321220 is divided by 70?
60
What is the remainder when 43235 is divided by 147?
17
Calculate the remainder when 402737 is divided by 43.
42
Calculate the remainder when 16626 is divided by 66.
60
Calculate the remainder when 23103 is divided by 38.
37
What is the remainder when 2709 is divided by 1227?
255
Calculate the remainder when 7170769 is divided by 203.
200
What is the remainder when 3207 is divided by 816?
759
Calculate the remainder when 106459 is divided by 106447.
12
What is the remainder when 54569 is divided by 24?
17
What is the remainder when 3451 is divided by 3413?
38
Calculate the remainder when 24449 is divided by 978.
977
Calculate the remainder when 2360 is divided by 14.
8
Calculate the remainder when 14252 is divided by 48.
44
Calculate the remainder when 11314 is divided by 11111.
203
Calculate the remainder when 713687 is divided by 10.
7
What is the remainder when 83759 is divided by 722?
7
What is the remainder when 220411 is divided by 6?
1
What is the remainder when 11203 is divided by 212?
179
Calculate the remainder when 98347 is divided by 33.
7
What is the remainder when 113561 is divided by 9?
8
What is the remainder when 1351 is divided by 552?
247
Calculate the remainder when 17101 is divided by 1315.
6
Calculate the remainder when 7313 is divided by 8.
1
What is the remainder when 361 is divided by 1?
0
Calculate the remainder when 3351 is divided by 658.
61
Calculate the remainder when 198056 is divided by 28293.
5
Calculate the remainder when 4780 is divided by 49.
27
What is the remainder when 28899 is divided by 146?
137
Calculate the remainder when 131140 is divided by 258.
76
Calculate the remainder when 700 is divided by 232.
4
Calculate the remainder when 5346 is divided by 1086.
1002
Calculate the remainder when 3954 is divided by 346.
148
What is the remainder when 2209 is divided by 408?
169
Calculate the remainder when 10211 is divided by 3124.
839
Calculate the remainder when 85859 is divided by 12265.
4
Calculate the remainder when 2111 is divided by 115.
41
Calculate the remainder when 11147 is divided by